41, 409
What are the prime factors of 60662?
2, 7, 619
What are the prime factors of 431094?
2, 3, 71849
What are the prime factors of 604203?
3, 201401
List the prime factors of 23686141.
19, 1246639
List the prime factors of 4503432.
2, 3, 31, 6053
What are the prime factors of 240184?
2, 7, 4289
List the prime factors of 144698.
2, 71, 1019
List the prime factors of 410841.
3, 191, 239
What are the prime factors of 481011?
3, 223, 719
List the prime factors of 1095671.
1095671
List the prime factors of 5526417.
3, 13, 23, 61, 101
List the prime factors of 6968548.
2, 719, 2423
List the prime factors of 1507697.
1507697
What are the prime factors of 1396925?
5, 71, 787
List the prime factors of 13068701.
31, 61, 6911
What are the prime factors of 16428012?
2, 3, 449, 3049
What are the prime factors of 12487102?
2, 103, 60617
What are the prime factors of 314226?
2, 3, 11, 23
What are the prime factors of 2001052?
2, 151, 3313
What are the prime factors of 471951?
3, 41, 1279
List the prime factors of 4167911.
11, 378901
What are the prime factors of 6337911?
3, 131, 16127
What are the prime factors of 62740?
2, 5, 3137
List the prime factors of 1268800.
2, 5, 13, 61
List the prime factors of 1510841.
17, 88873
What are the prime factors of 84285?
3, 5, 1873
What are the prime factors of 40198586?
2, 463, 43411
What are the prime factors of 3221530?
2, 5, 13, 24781
What are the prime factors of 7233182?
2, 11, 328781
List the prime factors of 14954086.
2, 7, 1068149
What are the prime factors of 2907489?
3, 13, 74551
What are the prime factors of 577604?
2, 197, 733
What are the prime factors of 2408592?
2, 3, 19, 139
What are the prime factors of 110012?
2, 7, 3929
List the prime factors of 25315.
5, 61, 83
List the prime factors of 15031.
15031
What are the prime factors of 380674?
2, 7, 27191
What are the prime factors of 156581?
31, 5051
What are the prime factors of 155998?
2, 77999
List the prime factors of 24868484.
2, 17, 229, 1597
What are the prime factors of 531020?
2, 5, 7, 3793
What are the prime factors of 5173151?
17, 304303
What are the prime factors of 549602?
2, 97, 2833
What are the prime factors of 574475?
5, 11, 2089
List the prime factors of 1371867.
3, 7, 65327
List the prime factors of 33526108.
2, 7, 11, 17, 19, 337
What are the prime factors of 3458161?
7, 494023
What are the prime factors of 1648802?
2, 824401
List the prime factors of 5469422.
2, 7, 390673
List the prime factors of 305887.
499, 613
List the prime factors of 285507.
3, 31723
List the prime factors of 2509627.
2509627
What are the prime factors of 3387?
3, 1129
What are the prime factors of 4391194?
2, 2195597
List the prime factors of 195159.
3, 65053
List the prime factors of 647043.
3, 215681
What are the prime factors of 697247?
29, 24043
What are the prime factors of 151515?
3, 5, 7, 13, 37
What are the prime factors of 85977?
3, 41, 233
List the prime factors of 1172073.
3, 7, 55813
What are the prime factors of 7918527?
3, 2639509
What are the prime factors of 227785?
5, 45557
What are the prime factors of 28761?
3, 9587
List the prime factors of 9855562.
2, 53, 109, 853
List the prime factors of 1849186.
2, 37, 24989
List the prime factors of 23309810.
2, 5, 23, 101347
List the prime factors of 368735.
5, 29, 2543
List the prime factors of 4752915.
3, 5, 316861
List the prime factors of 493083.
3, 54787
What are the prime factors of 1512670?
2, 5, 331, 457
List the prime factors of 10336090.
2, 5, 67, 15427
List the prime factors of 757992.
2, 3, 31583
What are the prime factors of 1131340?
2, 5, 7, 8081
List the prime factors of 471695.
5, 7, 13477
What are the prime factors of 449161?
449161
List the prime factors of 1763181.
3, 7, 19, 491
List the prime factors of 498341.
23, 47, 461
List the prime factors of 2066249.
2066249
What are the prime factors of 319073?
17, 137
What are the prime factors of 111294?
2, 3, 229
What are the prime factors of 1312627?
29, 45263
List the prime factors of 29794676.
2, 17, 83, 5279
List the prime factors of 6563478.
2, 3, 61, 79, 227
What are the prime factors of 368646?
2, 3, 61441
What are the prime factors of 30083166?
2, 3, 17, 5783
What are the prime factors of 541363?
541363
List the prime factors of 132241.
132241
List the prime factors of 1886914.
2, 29, 32533
What are the prime factors of 509542?
2, 11, 19, 23, 53
What are the prime factors of 254016?
2, 3, 7
List the prime factors of 2100309.
3, 700103
List the prime factors of 603197.
7, 86171
What are the prime factors of 14492253?
3, 4830751
List the prime factors of 2534918.
2, 1267459
What are the prime factors of 466500?
2, 3, 5, 311
What are the prime factors of 1043522?
2, 31, 16831
What are the prime factors of 1103254?
2, 19, 29033
What are the prime factors of 2204910?
2, 3, 5, 24499
What are the prime factors of 235029?
3, 157, 499
List the prime factors of 280.
2, 5, 7
List the prime factors of 121698.
2, 3, 6761
What are the prime factors of 1149627?
3, 37, 10357
List the prime factors of 2060208.
2, 3, 19, 251
List the prime factors of 9314162.
2, 11, 13, 29, 1123
What are the prime factors of 40896184?
2, 7, 104327
What are the prime factors of 2435344?
2, 19, 8011
List the prime factors of 179423.
23, 29, 269
List the prime factors of 1557491.
13, 23, 5209
What are the prime factors of 296112?
2, 3, 31, 199
List the prime factors of 2534956.
2, 633739
What are the prime factors of 14553539?
7, 11, 13, 31, 67
List the prime factors of 374518.
2, 199, 941
What are the prime factors of 1192216?
2, 149027
What are the prime factors of 1821846?
2, 3, 13, 23357
What are the prime factors of 5796151?
79, 73369
List the prime factors of 271946.
2, 227, 599
What are the prime factors of 321588?
2, 3, 8933
What are the prime factors of 1644217?
1644217
List the prime factors of 469159.
179, 2621
What are the prime factors of 8211979?
53, 154943
List the prime factors of 864237.
3, 11, 26189
List the prime factors of 253216.
2, 41, 193
What are the prime factors of 4499992?
2, 7, 107, 751
What are the prime factors of 494803?
494803
List the prime factors of 548774.
2, 89, 3083
List the prime factors of 299488.
2, 7, 191
List the prime factors of 546063.
3, 7, 26003
List the prime factors of 5895107.
17, 23, 15077
What are the prime factors of 3245620?
2, 5, 7, 97, 239
What are the prime factors of 7355207?
7355207
What are the prime factors of 29925?
3, 5, 7, 19
List the prime factors of 1656022.
2, 828011
What are the prime factors of 8027708?
2, 13, 317, 487
List the prime factors of 938611.
938611
List the prime factors of 1885353.
3, 397, 1583
List the prime factors of 8618483.
8618483
What are the prime factors of 929061?
3, 7, 14747
What are the prime factors of 153265?
5, 7, 29, 151
What are the prime factors of 14369194?
2, 7, 1026371
List the prime factors of 73647.
3, 7, 167
What are the prime factors of 8193746?
2, 11, 372443
List the prime factors of 442536.
2, 3, 18439
List the prime factors of 8940061.
13, 163, 4219
What are the prime factors of 4180267?
7, 13, 71, 647
What are the prime factors of 248196?
2, 3, 13, 37, 43
List the prime factors of 1033108.
2, 258277
What are the prime factors of 11118609?
3, 59, 20939
List the prime factors of 102060.
2, 3, 5, 7
What are the prime factors of 15586?
2, 7793
List the prime factors of 4592203.
7, 11, 23, 2593
List the prime factors of 9247675.
5, 67, 5521
List the prime factors of 4870383.
3, 7, 231923
What are the prime factors of 655324?
2, 173, 947
What are the prime factors of 5969022?
2, 3, 994837
What are the prime factors of 2216151?
3, 7, 29, 1213
What are the prime factors of 320076?
2, 3, 17, 523
What are the prime factors of 474085?
5, 53, 1789
What are the prime factors of 34048855?
5, 19, 23, 15583
List the prime factors of 7948408.
2, 13, 5879
List the prime factors of 16216414.
2, 8108207
What are the prime factors of 1391504?
2, 86969
List the prime factors of 125267.
19, 347
What are the prime factors of 2125066?
2, 191, 5563
List the prime factors of 532832.
2, 16651
What are the prime factors of 531722?
2, 265861
What are the prime factors of 5950000?
2, 5, 7, 17
List the prime factors of 12312048.
2, 3, 7, 36643
What are the prime factors of 2212670?
